 the thousands digit of f?
1
What is the ten thousands digit of -11 - (9 + 103032/(-9))?
1
Suppose 648 = -48*l + 57*l. Suppose -l*f + 68*f + 1680 = 0. What is the hundreds digit of f?
4
Suppose -p - 13 = 40. Let g = -42 - p. What is the tens digit of g?
1
Suppose -3*m - 5*y = -6*m + 41, 4*y = m - 16. Let d(q) = 5 + 7 - 2 - m*q + 11. What is the tens digit of d(-7)?
0
Suppose 22*v - 18*v - 8 = 0. Suppose s + 0*w = -2*w + 104, -v*s + 4*w = -168. What is the tens digit of s?
9
Suppose 5*q + 493*z - 224621 = 490*z, 0 = -3*q + 5*z + 134793. What is the units digit of q?
6
Let z(t) = 33*t - 21. Let y be z(2). Suppose -y = -13*u + 566. Suppose -3*g - 44 = -2*a + g, -2*a + 3*g = -u. What is the tens digit of a?
2
Let d be (114/(-5))/(4/30). Let k = 247 + d. What is the tens digit of k?
7
Let g = 1 + 5. Let i(c) = 5 + 10 + 22 - 4*c + 3*c. What is the units digit of i(g)?
1
Suppose -i + 10*b = 5*b - 19450, -5*i + 3*b = -97118. What is the units digit of i?
0
Let p(l) = -27*l + 3. Let g be (-4)/(((-1)/(-2))/1). Let v be p(g). Suppose 4*o - 144 = -r + v, 3*o = -5*r + 285. What is the tens digit of o?
9
Let c(m) = -4103*m - 5293. What is the tens digit of c(-12)?
4
Let d(w) be the first derivative of -w**4/4 - 11*w**3/3 + 8*w**2 + 19*w + 39. Let v be d(-11). Let z = v + 287. What is the tens digit of z?
3
Suppose 3*v - 4*k = 18, 0*k - 11 = -4*v + k. Let r(a) = 0*a - 5 - v*a + 6*a + 3*a. What is the tens digit of r(3)?
1
Suppose -4*u - 611*y = -614*y - 31361, 3*u + 5*y = 23528. What is the tens digit of u?
4
Suppose 2*j - 2 = 0, 45 = -r + 2*j + 47. Let p be 10/8*(-9 + 1). What is the units digit of p/4*4*(-2)/r?
5
Let t(w) = -10*w - 13. Let k be t(0). Let y(d) = -58*d + 382. What is the thousands digit of y(k)?
1
Let v be (2*-1)/(-3 + (-60)/(-18)). Let i(h) = 2*h**3 + 11*h**2 + 4*h + 1. Let g be i(v). Let c = 120 + g. What is the units digit of c?
1
Suppose 3 + 1 = -2*p, 0 = 2*o - 3*p - 6. Suppose o = c + 180 + 33. Let s = c - -314. What is the tens digit of s?
0
What is the units digit of (115785/(-620))/(2 + 313/(-156))?
3
Let g be 62/(-2)*(-1 - -4). Suppose x - 4*b + 1 + 3 = 0, 5*b - 125 = 5*x. Let l = x - g. What is the tens digit of l?
6
Suppose -64*n = -71*n + 532. Suppose -3*t + 3250 = 78*s - n*s, 5*s = -t + 8125. What is the tens digit of s?
2
Let y = -3992 - -10134. What is the thousands digit of y?
6
Let r be -13 - (-3 + 1) - -1. Let i be 144/128*-4*(2 + (-10)/3). What is the tens digit of 3/((-1)/7*i/r)?
3
Suppose 45*m - 533218 = -150538. What is the tens digit of m?
0
Let v(q) = -q**2 - 58*q + 37. Let y be v(-21). Suppose 0 = -4*z - 3*x + 1618, -2*z + y = 7*x - 3*x. What is the units digit of z?
3
Let i(m) = m + 1. Let v be i(3). Suppose 0 = x - v - 1. Suppose -430 = -5*w + x*u, -2*w - 4*u + 136 = -12. What is the units digit of w?
2
Let o(u) = 200 + 0*u**2 - 101 - 102 - 6*u + u**2. What is the tens digit of o(-2)?
1
Let j = -183 - -87. Let k = 141 + j. What is the tens digit of k?
4
Suppose -6*x - 11393 = 4*x - 565183. What is the tens digit of x?
7
Let x = -56 - -61. Suppose -x*j - 3128 = -13*j. What is the units digit of j?
1
Suppose -302*p + 187484 = -280*p. What is the hundreds digit of p?
5
What is the tens digit of 1 + 18/(-8) - (-27570213)/3492?
9
Let n be (209 - 3)/(4 + -2). Let f = 159 + n. What is the tens digit of 2/6 + f/6?
4
Let p(f) = -74*f**2 + 12*f - 2. Let r(t) = 74*t**2 - 11*t + 1. Let l(s) = 3*p(s) + 4*r(s). What is the hundreds digit of l(3)?
6
Let y(s) = s**3 + 10*s**2 - 37*s - 15. Let c be y(-10). What is the tens digit of -3*(-6)/(-3) + c?
4
Suppose 0 = 3*c - 5*n - 51924, 0 = 3*c - 3*n - 27821 - 24115. What is the ten thousands digit of c?
1
Let p be 5 - -3*35/(-21). Suppose -2*c - 3*i + 589 = -p*i, 876 = 3*c - 3*i. What is the hundreds digit of c?
2
Let a(y) = y**3 - 3*y**2 + 3*y - 8. Let d be a(4). Suppose 0 = -5*o + o + d. Suppose o*i - 1177 = -4*x, x + 4*x + 2*i = 1484. What is the tens digit of x?
9
Suppose -3*a = -2*f + 3, a + 4 = -2*f + 19. Suppose -249 = -f*i + 579. What is the hundreds digit of i?
1
Let t be 650/195 + 4/(-3). Let g(u) = 9*u**3 - 4*u**2 + 7*u - 7. What is the units digit of g(t)?
3
Let l(g) = 7*g**2 + g - 3. What is the hundreds digit of l(-14)?
3
Suppose 4*h - 10 = 2. Suppose 3*x + z = 8, -2*x + 3*x + h*z - 16 = 0. What is the units digit of (6 - -55) + (-1)/x?
0
Suppose 5*a - 32 = -u, 3*a - 7 - 2 = -4*u. Suppose -a*w - 181 = -8*w + 4*x, 3*x + 507 = 3*w. What is the units digit of w?
5
Let o = -3545 + 7631. What is the tens digit of o?
8
Let v = 18083 - 9894. What is the units digit of v?
9
Suppose -11*x - 7*x = -0*x - 32652. What is the tens digit of x?
1
Suppose 3*f - 816 = -5*v + 194, -f + 610 = 3*v. Suppose -188 - 47 = -5*b + 2*t, -5*t - v = -4*b. What is the units digit of b?
5
Let t(s) = -2*s**3 - 34*s**2 + 147*s - 527. What is the thousands digit of t(-38)?
4
Let y be (695/9 - 1) + (-4)/18. Let i = -76 + y. Suppose -5*g - 258 = -2*p, -2*p - 3*p + 2*g + 687 = i. What is the tens digit of p?
3
Let o(c) = -c**3 + 16*c**2 - 6*c + 51. Let z = 138 - 132. Suppose z = 2*b, -4*h + b + 48 = -3*b. What is the hundreds digit of o(h)?
1
Let v = 83 + 696. Suppose -3*z + v = -157. What is the hundreds digit of z?
3
Suppose 3*i - 628 = 4*g + 4719, 2*i - 2*g = 3562. Suppose 9*o - i = 4865. What is the hundreds digit of o?
7
Let q = 1 + -4. Let v(x) = -x + 6. Let r(h) = -8*h + 38. Let a(f) = -r(f) + 10*v(f). What is the units digit of a(q)?
8
Let q(w) = -36*w + 429. Let p be q(10). What is the tens digit of ((-27554)/p)/(4/(-6))?
9
Suppose 308568 = -398*m + 410*m. What is the tens digit of m?
1
Suppose c = 512 + 78. Suppose -13*k + 37 = -28. Suppose 0*o + c = k*o. What is the units digit of o?
8
Suppose 2*x - 221 = -t, -2*x - 67 = -2*t - 273. What is the units digit of -1 - (-15)/18 - (-6714)/x?
2
Let u(t) = t + 1. Let r(l) = -7*l + 3. Let o(s) = -2*r(s) - 6*u(s). Let a be o(8). What is the units digit of (a/(-3))/((-18)/27)?
6
Let y = 6781 + 27024. What is the tens digit of y?
0
Let l(p) = p**2 + 3*p + 2. Let t = -21 - -19. Let j be l(t). What is the units digit of (0/(-4) - -3) + 36 - j?
9
What is the units digit of 27047/2 + 108/(-24) + 4?
3
Suppose 602*b - 304*b - 2192386 = 0. What is the tens digit of b?
5
Suppose -r - 29203 = -4*y, -5*r + 14718 = -5*y + 51218. Suppose 10787 - 1645 = 5*v + 4*f, y = 4*v - f. What is the units digit of v?
6
Let m(v) = -v**3 - 16*v**2 + 30*v - 29. Let p be (-1292)/102*1/(-4)*-6. What is the tens digit of m(p)?
8
Let y(l) = 35*l**2 + 844*l - 181. What is the ten thousands digit of y(-47)?
3
Let u(z) = 7*z**2 - 9. Suppose -28 = -5*y - 2*n, -y - 3*y + 28 = 3*n. Suppose -d + y = -0*d. What is the units digit of u(d)?
3
Suppose 0 = -3*f + 12, b - 6*b - 28 = -2*f. Let l be (120/(-28) - b) + (-16)/(-7). Suppose 50 = q + 2*p, l*p - 192 = -4*q - 4. What is the units digit of q?
6
Suppose 0 = -4*u + 2 + 2, 4*u = -2*r - 28. What is the hundreds digit of (-7)/(14/(-330)) - r/4?
1
Let k(c) = 92 - 40 + 93 - 86*c - 75*c. What is the units digit of k(-3)?
8
Let t(k) = 2*k**2 - 3. Let c be (1 + -2)*0*(-1 - 0). Let g(n) = -n**3 - n**2 + 2*n + 4. Let j be g(c). What is the units digit of t(j)?
9
Let b(n) = -68*n + 554 - 110*n - 528. What is the tens digit of b(-2)?
8
Let n be -1*(2 + -1)*11. Let v be 1/(-1)*(9 + n). Suppose -110 = -5*z - q, z + q - 68 = -v*z. What is the tens digit of z?
2
Suppose 68*d - 266*d + 769428 = 0. What is the hundreds digit of d?
8
Let h(n) = n**2 - 5*n - 2. Let d(w) = -w - 5. Let g be d(-11). Suppose -3*b = -g*b - 6. What is the units digit of h(b)?
2
Suppose -139*q + 153*q - 174012 = 638. What is the units digit of q?
5
Suppose 2*j + 4*a + 12 = 0, 0 = 5*a - a + 12. Suppose j = -3*t + 450 + 348. What is the units digit of t?
6
Let r(o) = 4 + 4 - 2 - 2*o - 7 + 18*o. Suppose 1 + 1 = 2*u. What is the units digit of r(u)?
5
What is the tens digit of (-254)/1143 - (-2)/18*22826?
3
Suppose -4*v + 27 = 7. Let x(r) = r**3 - 4*r**2 - 6*r + 11. What is the units digit of x(v)?
6
Let f = -1840 - -4217. What is the hundreds digit of f?
3
Let s be (1054/10 - 4)/(1/5). Let n(m) = 0*m**2 - 532 + 4*m + m**3 + s + 12*m**2. What is the units digit of n(-11)?
2
Suppose 0 = -7*b - b. Suppose -15 = 3*t, b = -2*z + z - 2*t - 7. Suppose 312 = z*y + d, 5*y - 4*d - 214 = 323. What i